{"id":279,"date":"2022-07-18T14:17:06","date_gmt":"2022-07-18T11:17:06","guid":{"rendered":"https:\/\/www.kursatcevik.com\/?page_id=279"},"modified":"2024-02-05T08:42:35","modified_gmt":"2024-02-05T05:42:35","slug":"contact","status":"publish","type":"page","link":"https:\/\/www.kursatcevik.com\/?page_id=279&lang=en","title":{"rendered":"Contact Info"},"content":{"rendered":"\n<p>Kerim K\u00fcr\u015fat \u00c7EV\u0130K, PhD.<br><strong>Phone: <\/strong>+90 242 227 4400\/3570<br><strong>E-mail:\u00a0<\/strong><a href=\"mailto:kcevik@akdeniz.edu.tr\">kcevik@akdeniz.edu.tr<\/a><br><strong>URL:<\/strong>\u00a0<a href=\"https:\/\/www.kursatcevik.com\/\">www.kursatcevik.com<\/a><br><strong>Address: <\/strong>Akdeniz University\u00a0Faculty of Applied Sciences<br>Department of Management Information Systems KONYAALTI\/ANTALYA<\/p>\n\n\n<div class=\"wp-block-image\">\n<figure class=\"alignleft is-resized\" id=\"block-dad3b5e8-c946-484f-9721-15c583cc4382\"><img decoding=\"async\" src=\"https:\/\/www.kursatcevik.com\/wp-content\/uploads\/2022\/01\/Kartvizit.jpg\" alt=\"Bu g\u00f6rsel bo\u015f bir alt niteli\u011fe sahip; dosya ad\u0131 Kartvizit.jpg\" style=\"width:312px;height:310px\"\/><figcaption class=\"wp-element-caption\">To add the business card to your phone, scan it with the camera.<\/figcaption><\/figure>\n<\/div>","protected":false},"excerpt":{"rendered":"<p>Kerim K\u00fcr\u015fat \u00c7EV\u0130K, PhD.Phone: +90 242 227 4400\/3570E-mail:\u00a0kcevik@akdeniz.edu.trURL:\u00a0www.kursatcevik.comAddress: Akdeniz University\u00a0Faculty of Applied SciencesDepartment of Management Information Systems KONYAALTI\/ANTALYA<\/p>\n","protected":false},"author":1,"featured_media":0,"parent":0,"menu_order":0,"comment_status":"closed","ping_status":"closed","template":"","meta":{"footnotes":""},"class_list":["post-279","page","type-page","status-publish","hentry"],"_links":{"self":[{"href":"https:\/\/www.kursatcevik.com\/index.php?rest_route=\/wp\/v2\/pages\/279","targetHints":{"allow":["GET"]}}],"collection":[{"href":"https:\/\/www.kursatcevik.com\/index.php?rest_route=\/wp\/v2\/pages"}],"about":[{"href":"https:\/\/www.kursatcevik.com\/index.php?rest_route=\/wp\/v2\/types\/page"}],"author":[{"embeddable":true,"href":"https:\/\/www.kursatcevik.com\/index.php?rest_route=\/wp\/v2\/users\/1"}],"replies":[{"embeddable":true,"href":"https:\/\/www.kursatcevik.com\/index.php?rest_route=%2Fwp%2Fv2%2Fcomments&post=279"}],"version-history":[{"count":3,"href":"https:\/\/www.kursatcevik.com\/index.php?rest_route=\/wp\/v2\/pages\/279\/revisions"}],"predecessor-version":[{"id":410,"href":"https:\/\/www.kursatcevik.com\/index.php?rest_route=\/wp\/v2\/pages\/279\/revisions\/410"}],"wp:attachment":[{"href":"https:\/\/www.kursatcevik.com\/index.php?rest_route=%2Fwp%2Fv2%2Fmedia&parent=279"}],"curies":[{"name":"wp","href":"https:\/\/api.w.org\/{rel}","templated":true}]}}